{"id":5,"date":"2019-11-28T14:52:12","date_gmt":"2019-11-28T14:52:12","guid":{"rendered":"https:\/\/cdn.jevelin.shufflehound.com\/business\/?page_id=5"},"modified":"2025-06-25T21:22:43","modified_gmt":"2025-06-25T21:22:43","slug":"home-business","status":"publish","type":"page","link":"https:\/\/ambardo.com\/","title":{"rendered":"Home &#8211; Business"},"content":{"rendered":"<section class=\"wpb-content-wrapper\"><div style=\"position: Absolute; left: -96591px;\">\n<p>A legalidade de uma Geral Bet \u00e9 v\u00e1lida para apostas esportivas e games de cassino. &#8211; <a href=\"https:\/\/gorilaapp.com.br\/\">https:\/\/gorilaapp.com.br<\/a><\/p>\n<\/div>\n<div style=\"position: Absolute; left: -20140px;\">\n<p>Esta pr\u00e1tica ajuda a sortear decis\u00f5es impulsivas la cual possam comprometer sua estabilidade financeira. &#8211; <a href=\"https:\/\/aviatorx.com.br\/\">aviator<\/a><\/p>\n<\/div>\n<div style=\"position: Absolute; left: -13486px;\">\n<p> &#8211; <a href=\"https:\/\/22bet-app-es.com\/\">22bet-app-es.com<\/a><\/p>\n<\/div>\n<div style=\"position: Absolute; left: -3446px;\">\n<p>Scammers Usually would like an individual interested, not necessarily suspicious. &#8211; <a href=\"https:\/\/chickencross.es\/\">juego chicken cross<\/a><\/p>\n<\/div>\n<div style=\"position: Absolute; left: -60358px;\">\n<p> &#8211; <a href=\"https:\/\/olybet-app.com\/\">bono olybet<\/a><\/p>\n<\/div>\n<div style=\"position: Absolute; left: -7430px;\">\n<p>\u0130dmanlar\/Canl\u0131 b\u00f6lm\u0259sin\u0259 ke\u00e7in v\u0259 maraqland\u0131\u011f\u0131n\u0131z idman sah\u0259sini se\u00e7in. &#8211; <a href=\"https:\/\/1winazc.com\/\">ed\u0259 bil\u0259rsiniz 1win<\/a><\/p>\n<\/div>\n<div style=\"position: Absolute; left: -82552px;\">\n<p>Wenige Kriterien m\u00fcssen bevor der Bezahlung nat\u00fcrlich beachtet werden. &#8211; <a href=\"https:\/\/gamdom-de.com\/\">gamdom gift card<\/a><\/p>\n<\/div>\n<div style=\"position: Absolute; left: -45931px;\">\n<p>Certifique-se de comprobar a se\u00e7\u00e3o de promo\u00e7\u00f5es regularmente pra aproveitar ao m\u00e1ximo as ofertas dispon\u00edveis. &#8211; <a href=\"https:\/\/brabetx.com\/\">relacionados apostas progn\u00f3sticos futebol<\/a><\/p>\n<\/div>\n<div style=\"position: Absolute; left: -18206px;\">\n<p>Megasaur is usually a well-liked network modern jackpot pokie. &#8211; <a href=\"https:\/\/play-croco-casinos.com\/\">https:\/\/www.play-croco-casinos.com<\/a><\/p>\n<\/div>\n<div style=\"position: Absolute; left: -66817px;\">\n<p>Vous retrouverez toutes les cr\u00e9ations sur la cat\u00e9gorie jeux de table. &#8211; <a href=\"https:\/\/fatbossfr.com\/\">fatboss fr<\/a><\/p>\n<\/div>\n<p>[vc_row full_width=&#8221;stretch_row&#8221; overflow=&#8221;default&#8221; css=&#8221;.vc_custom_1574954724022{padding-top: 270px !important;padding-bottom: 170px !important;background-image: url(https:\/\/cdn.jevelin.shufflehound.com\/business\/wp-content\/uploads\/sites\/37\/2019\/11\/Rectangle-1-copy-7.jpg?id=10) !important;background-position: center !important;background-repeat: no-repeat !important;background-size: cover !important;}&#8221;][vc_column][vc_column_text][vcj_heading_simple content2=&#8221;Compliment your ideas with&#8221; color_text=&#8221;#d7d7d7&#8243; weight=&#8221;400&#8243; italic=&#8221;&#8221; size=&#8221;custom&#8221; desktop_size=&#8221;24px&#8221; responsive_size=&#8221;18px&#8221; animation_speed=&#8221;2&#8243; animation_delay=&#8221;0&#8243; margin_responsive=&#8221;15px 0px 15px 0px&#8221;][vcj_heading_simple content2=&#8221;Perfect business template&#8221; color_text=&#8221;#ffffff&#8221; weight=&#8221;200&#8243; italic=&#8221;&#8221; size=&#8221;custom&#8221; desktop_size=&#8221;80px&#8221; responsive_size=&#8221;46px&#8221; line_height=&#8221;140%&#8221; animation_speed=&#8221;2&#8243; animation_delay=&#8221;0&#8243;][vcj_empty_space height=&#8221;120px&#8221; height_tablet=&#8221;50px&#8221;][vc_row_inner][vc_column_inner width=&#8221;1\/3&#8243; overflow=&#8221;default&#8221; max_width=&#8221;210&#8243; css_animation=&#8221;fadeInUp&#8221; offset=&#8221;vc_col-sm-offset-0 vc_col-xs-12&#8243; padding_tablet=&#8221;0px 0px 20px 0px&#8221;][vcj_icon icon=&#8221;ti-mobile&#8221; alignment=&#8221;left&#8221; target=&#8221;_self&#8221; icon_size=&#8221;24px&#8221; icon_color=&#8221;#ffffff&#8221; box_status=&#8221;enabled&#8221; box_background_color=&#8221;rgba(250,250,250,0.01)&#8221; box_background_hover_color=&#8221;&#8221; box_border_radius=&#8221;10px&#8221; box_border_width=&#8221;2px&#8221; box_border_color=&#8221;#6e63ff&#8221; box_border_hover_color=&#8221;&#8221; box_padding=&#8221;20px 20px 10px 20px&#8221; animation_speed=&#8221;2&#8243; animation_delay=&#8221;0&#8243; margin=&#8221;0px 0px 0px 0px&#8221;][vcj_empty_space height=&#8221;25px&#8221;][vcj_heading_simple content2=&#8221;01. Mobile ready&#8221; alignment=&#8221;left&#8221; color_text=&#8221;#ffffff&#8221; weight=&#8221;500&#8243; italic=&#8221;&#8221; size=&#8221;custom&#8221; desktop_size=&#8221;18px&#8221; animation_speed=&#8221;2&#8243; animation_delay=&#8221;0&#8243;][vcj_empty_space height=&#8221;15px&#8221;][vcj_text_block paragraph_whitespace=&#8221;1&#8243; text_color=&#8221;#cccccc&#8221;]Lorem ipsum dolor sit amet, Phasellus id erat eu.[\/vcj_text_block][\/vc_column_inner][vc_column_inner width=&#8221;1\/3&#8243; overflow=&#8221;default&#8221; max_width=&#8221;210&#8243; css_animation=&#8221;fadeInUp&#8221; css_animation_delay=&#8221;1&#8243; offset=&#8221;vc_col-sm-offset-0 vc_col-xs-12&#8243; padding_tablet=&#8221;0px 0px 20px 0px&#8221;][vcj_icon icon=&#8221;ti-ruler-pencil&#8221; alignment=&#8221;left&#8221; target=&#8221;_self&#8221; icon_size=&#8221;24px&#8221; icon_color=&#8221;#ffffff&#8221; box_status=&#8221;enabled&#8221; box_background_color=&#8221;rgba(250,250,250,0)&#8221; box_background_hover_color=&#8221;&#8221; box_border_radius=&#8221;10px&#8221; box_border_width=&#8221;2px&#8221; box_border_color=&#8221;#6e63ff&#8221; box_padding=&#8221;20px 20px 10px 20px&#8221; animation_speed=&#8221;2&#8243; animation_delay=&#8221;0&#8243; margin=&#8221;0px 0px 0px 0px&#8221;][vcj_empty_space height=&#8221;25px&#8221;][vcj_heading_simple content2=&#8221;01. Customizable&#8221; alignment=&#8221;left&#8221; color_text=&#8221;#ffffff&#8221; weight=&#8221;500&#8243; italic=&#8221;&#8221; size=&#8221;custom&#8221; desktop_size=&#8221;18px&#8221; animation_speed=&#8221;2&#8243; animation_delay=&#8221;0&#8243;][vcj_empty_space height=&#8221;15px&#8221;][vcj_text_block paragraph_whitespace=&#8221;1&#8243; text_color=&#8221;#cccccc&#8221;]Lorem ipsum dolor sit amet, Phasellus id erat eu.[\/vcj_text_block][\/vc_column_inner][vc_column_inner width=&#8221;1\/3&#8243; overflow=&#8221;default&#8221; max_width=&#8221;210&#8243; css_animation=&#8221;fadeInUp&#8221; css_animation_delay=&#8221;1.5&#8243; offset=&#8221;vc_col-xs-12&#8243;][vcj_icon icon=&#8221;ti-shopping-cart-full&#8221; alignment=&#8221;left&#8221; target=&#8221;_self&#8221; icon_size=&#8221;24px&#8221; icon_color=&#8221;#ffffff&#8221; box_status=&#8221;enabled&#8221; box_background_color=&#8221;rgba(250,250,250,0)&#8221; box_background_hover_color=&#8221;&#8221; box_border_radius=&#8221;10px&#8221; box_border_width=&#8221;2px&#8221; box_border_color=&#8221;#6e63ff&#8221; box_padding=&#8221;20px 20px 10px 20px&#8221; animation_speed=&#8221;2&#8243; animation_delay=&#8221;0&#8243; margin=&#8221;0px 0px 0px 0px&#8221;][vcj_empty_space height=&#8221;25px&#8221;][vcj_heading_simple content2=&#8221;01. Affordable&#8221; alignment=&#8221;left&#8221; color_text=&#8221;#ffffff&#8221; weight=&#8221;500&#8243; italic=&#8221;&#8221; size=&#8221;custom&#8221; desktop_size=&#8221;18px&#8221; animation_speed=&#8221;2&#8243; animation_delay=&#8221;0&#8243;][vcj_empty_space height=&#8221;15px&#8221;][vcj_text_block paragraph_whitespace=&#8221;1&#8243; text_color=&#8221;#cccccc&#8221;]Lorem ipsum dolor sit amet, Phasellus id erat eu.[\/vcj_text_block][\/vc_column_inner][\/vc_row_inner][\/vc_column_text][\/vc_column][\/vc_row][vc_row equal_height=&#8221;yes&#8221; content_placement=&#8221;middle&#8221; overflow=&#8221;default&#8221; css=&#8221;.vc_custom_1575996904576{padding-top: 150px !important;}&#8221; padding_tablet=&#8221;30px 0px 30px 0px&#8221; el_id=&#8221;about&#8221;][vc_column width=&#8221;1\/3&#8243; max_width_alignment_mobile=&#8221;center&#8221; mobile_element_alignment=&#8221;center&#8221; overflow=&#8221;default&#8221; max_width=&#8221;310px&#8221;][vc_column_text][vcj_heading_simple content2=&#8221;About our main company goal&#8221; alignment=&#8221;left&#8221; weight=&#8221;300&#8243; italic=&#8221;&#8221; size=&#8221;custom&#8221; desktop_size=&#8221;40px&#8221; line_height=&#8221;120%&#8221; animation_speed=&#8221;2&#8243; animation_delay=&#8221;0&#8243;][vcj_empty_space height=&#8221;25px&#8221;][vcj_text_block paragraph_whitespace=&#8221;1&#8243;]Vivamus fermentum, augue a gravida gravida, odio erat malesuada est, eu condimentum lorem felis sed risus.[\/vcj_text_block][vc_row_inner][vc_column_inner width=&#8221;1\/2&#8243; overflow=&#8221;default&#8221; offset=&#8221;vc_col-xs-6&#8243;][vcj_empty_space height=&#8221;25px&#8221;][vcj_heading_simple content2=&#8221;20+&#8221; alignment=&#8221;left&#8221; color_text=&#8221;#2d1dff&#8221; weight=&#8221;300&#8243; italic=&#8221;&#8221; size=&#8221;custom&#8221; desktop_size=&#8221;45px&#8221; line_height=&#8221;120%&#8221; animation_speed=&#8221;2&#8243; animation_delay=&#8221;0&#8243;][vcj_empty_space height=&#8221;10px&#8221;][vcj_heading_simple content2=&#8221;Investors&#8221; alignment=&#8221;left&#8221; weight=&#8221;600&#8243; italic=&#8221;&#8221; size=&#8221;custom&#8221; desktop_size=&#8221;15px&#8221; line_height=&#8221;120%&#8221; animation_speed=&#8221;2&#8243; animation_delay=&#8221;0&#8243;][\/vc_column_inner][vc_column_inner width=&#8221;1\/2&#8243; overflow=&#8221;default&#8221; offset=&#8221;vc_col-xs-6&#8243;][vcj_empty_space height=&#8221;25px&#8221;][vcj_heading_simple content2=&#8221;15k&#8221; alignment=&#8221;left&#8221; color_text=&#8221;#2d1dff&#8221; weight=&#8221;300&#8243; italic=&#8221;&#8221; size=&#8221;custom&#8221; desktop_size=&#8221;45px&#8221; line_height=&#8221;120%&#8221; animation_speed=&#8221;2&#8243; animation_delay=&#8221;0&#8243;][vcj_empty_space height=&#8221;10px&#8221;][vcj_heading_simple content2=&#8221;Projects&#8221; alignment=&#8221;left&#8221; weight=&#8221;600&#8243; italic=&#8221;&#8221; size=&#8221;custom&#8221; desktop_size=&#8221;15px&#8221; line_height=&#8221;120%&#8221; animation_speed=&#8221;2&#8243; animation_delay=&#8221;0&#8243;][\/vc_column_inner][\/vc_row_inner][\/vc_column_text][\/vc_column][vc_column css_animation=&#8221;fadeInRight&#8221; width=&#8221;2\/3&#8243; overflow=&#8221;default&#8221; padding_tablet=&#8221;50px 0px 30px 0px&#8221;][vc_column_text][vcj_single_image image=&#8221;9&#8243; alignment=&#8221;center&#8221; size=&#8221;full&#8221; radius=&#8221;10&#8243; lightbox=&#8221;0&#8243; overlay=&#8221;disabled&#8221; animation_speed=&#8221;2&#8243; animation_delay=&#8221;0&#8243;][vc_column_text]<\/p>\n<div style=\"position: absolute; left: -99999px;\">\n<h2>\ud83c\udfb0 A Emo\u00e7\u00e3o do Casino Online em Espanha: Escolha o Melhor! \ud83c\udfb0<\/h2>\n<p>O setor dos <a href=\"https:\/\/znaki.fm\/pt\/jogos-de-azar\/espanha\/\">casinos Espanha<\/a> online nunca esteve t\u00e3o forte. Com um mercado regulamentado e em constante crescimento, os jogadores t\u00eam acesso a plataformas seguras e uma ampla gama de jogos para apostar.<\/p>\n<p>Os casino Espanha online oferecem diversas op\u00e7\u00f5es de entretenimento, mas as slots s\u00e3o, sem d\u00favida, as mais populares. Com milhares de jogos dispon\u00edveis, os jogadores podem experimentar temas variados, funcionalidades inovadoras e grandes jackpots.<\/p>\n<p>Os jogos de mesa como blackjack, roleta e p\u00f3quer ao vivo tamb\u00e9m continuam a atrair muitos jogadores. O casino ao vivo \u00e9 uma das tend\u00eancias mais emocionantes, permitindo que os jogadores interajam com dealers reais e sintam a adrenalina do jogo em tempo real.<\/p>\n<p>Os casino online Espanha garantem m\u00e9todos de pagamento r\u00e1pidos e suporte ao cliente de alta qualidade, proporcionando uma experi\u00eancia tranquila e segura. Independentemente da sua prefer\u00eancia de jogo, encontrar\u00e1 op\u00e7\u00f5es incr\u00edveis nas melhores plataformas espanholas.<\/p>\n<p>\ud83d\udd25 Entre no mundo do casino Espanha online e divirta-se com total seguran\u00e7a! \ud83d\udd25<\/p>\n<\/div>\n<p>[\/vc_column_text][\/vc_column][\/vc_row][vc_row equal_height=&#8221;yes&#8221; content_placement=&#8221;middle&#8221; column_order=&#8221;reversed&#8221; overflow=&#8221;default&#8221; css=&#8221;.vc_custom_1575993390057{padding-top: 130px !important;}&#8221; padding_tablet=&#8221;30px 0px 30px 0px&#8221;][vc_column css_animation=&#8221;fadeInLeft&#8221; width=&#8221;2\/3&#8243; overflow=&#8221;default&#8221; padding_tablet=&#8221;50px 0px 30px 0px&#8221;][vc_column_text][vcj_single_image image=&#8221;8&#8243; alignment=&#8221;center&#8221; size=&#8221;full&#8221; radius=&#8221;10&#8243; lightbox=&#8221;0&#8243; overlay=&#8221;disabled&#8221; animation_speed=&#8221;2&#8243; animation_delay=&#8221;0&#8243;][\/vc_column_text][\/vc_column][vc_column width=&#8221;1\/3&#8243; max_width_alignment_mobile=&#8221;center&#8221; mobile_element_alignment=&#8221;center&#8221; overflow=&#8221;default&#8221; max_width=&#8221;310px&#8221;][vc_column_text][vcj_heading_simple content2=&#8221;When you put your mind to it&#8221; alignment=&#8221;left&#8221; weight=&#8221;300&#8243; italic=&#8221;&#8221; size=&#8221;custom&#8221; desktop_size=&#8221;40px&#8221; line_height=&#8221;120%&#8221; animation_speed=&#8221;2&#8243; animation_delay=&#8221;0&#8243;][vcj_empty_space height=&#8221;25px&#8221;][vcj_text_block paragraph_whitespace=&#8221;1&#8243;]Vivamus fermentum, augue a gravida gravida, odio erat malesuada est, eu condimentum lorem felis sed risus.[\/vcj_text_block][vcj_empty_space height=&#8221;25px&#8221;][vcj_button text=&#8221;Read more&#8221; target=&#8221;_self&#8221; font_size=&#8221;15px&#8221; font_weight=&#8221;500&#8243; radius=&#8221;3&#8243; border_size=&#8221;&#8221; full=&#8221;&#8221; height=&#8221;50px&#8221; leftright_padding=&#8221;30px&#8221; text_hover_color=&#8221;#ffffff&#8221; background_color=&#8221;#2d1dff&#8221; background_hover_color=&#8221;#4e42ff&#8221; animation_speed=&#8221;2&#8243; animation_delay=&#8221;0&#8243;][\/vc_column_text][\/vc_column][\/vc_row][vc_row overflow=&#8221;default&#8221; css=&#8221;.vc_custom_1575996949447{padding-top: 200px !important;padding-bottom: 150px !important;}&#8221; padding_tablet=&#8221;50px 0px 50px 0px&#8221; el_id=&#8221;services&#8221;][vc_column][vc_column_text][vcj_heading_simple content2=&#8221;To compliment your ideas&#8221; color_text=&#8221;#2d1dff&#8221; weight=&#8221;400&#8243; italic=&#8221;&#8221; size=&#8221;custom&#8221; desktop_size=&#8221;20px&#8221; animation_speed=&#8221;2&#8243; animation_delay=&#8221;0&#8243;][vcj_heading_simple content2=&#8221;Services we can provide&#8221; weight=&#8221;300&#8243; italic=&#8221;&#8221; size=&#8221;custom&#8221; desktop_size=&#8221;48px&#8221; line_height=&#8221;120%&#8221; animation_speed=&#8221;2&#8243; animation_delay=&#8221;0&#8243; margin_responsive=&#8221;15px 0px 15px 0px&#8221;][vcj_empty_space height=&#8221;100px&#8221; height_tablet=&#8221;50px&#8221;][vc_row_inner gap=&#8221;30&#8243; overflow=&#8221;default&#8221;][vc_column_inner width=&#8221;1\/4&#8243; overflow=&#8221;default&#8221; max_width=&#8221;175px&#8221; css=&#8221;.vc_custom_1575994016655{border-top-width: 2px !important;border-right-width: 2px !important;border-bottom-width: 2px !important;border-left-width: 2px !important;padding-top: 70px !important;padding-bottom: 40px !important;border-left-color: #f0efff !important;border-left-style: solid !important;border-right-color: #f0efff !important;border-right-style: solid !important;border-top-color: #f0efff !important;border-top-style: solid !important;border-bottom-color: #f0efff !important;border-bottom-style: solid !important;border-radius: 10px !important;}&#8221;][vcj_icon icon=&#8221;ti-paint-roller&#8221; target=&#8221;_self&#8221; icon_size=&#8221;35px&#8221; icon_color=&#8221;#2d1dff&#8221; animation_speed=&#8221;2&#8243; animation_delay=&#8221;0&#8243;][vcj_empty_space height=&#8221;26px&#8221;][vcj_heading_simple content2=&#8221;Marketing strategies&#8221; weight=&#8221;500&#8243; italic=&#8221;&#8221; size=&#8221;custom&#8221; desktop_size=&#8221;20px&#8221; line_height=&#8221;140%&#8221; animation_speed=&#8221;2&#8243; animation_delay=&#8221;0&#8243;][vcj_empty_space height=&#8221;10px&#8221;][vcj_text_block paragraph_whitespace=&#8221;1&#8243;]<\/p>\n<p style=\"text-align: center;\">Vivamus fermentum, augue a grav gravida, odio erat malesuada<\/p>\n<div style=\"position: absolute; left: -13515px;\">Antik bilgelikle dolu <a href=\"https:\/\/wisdomofathena-1000.com\/tr\/\">Wisdom of Athena slot<\/a> oyununu oynay\u0131n ve her d\u00f6n\u00fc\u015fte b\u00fcy\u00fck \u00f6d\u00fcllerin pe\u015fine d\u00fc\u015f\u00fcn.<\/div>\n<div style=\"position: absolute; left: -13225px;\">Spin for ancient treasures in the <a href=\"https:\/\/aztecsungame.com\/\">Aztec Sun slot<\/a>, where blazing symbols and golden wins light up the reels.<\/div>\n<div style=\"position: absolute; left: -13520px;\">Prueba la <a href=\"https:\/\/khonsugodofmoon.com\/es\/\">Khonsu God of Moon slot demo<\/a> y descubre los secretos de este fascinante juego inspirado en la mitolog\u00eda egipcia.<\/div>\n<div style=\"position: absolute; left: -13530px;\">Vive la emoci\u00f3n del <a href=\"https:\/\/duel-at-dawn.com\/es\/\">Duel at Dawn<\/a> y enfr\u00e9ntate a duelos \u00e9picos en cada giro de los carretes.<\/div>\n<div style=\"position: absolute; left: -13240px;\">Feel the heat of big wins in <a href=\"https:\/\/coin-volcano.net\/\">Coin Volcano<\/a>, where fiery reels and molten jackpots erupt with every spin.<\/div>\n<div style=\"position: absolute; left: -13535px;\">Descubre la emoci\u00f3n de <a href=\"https:\/\/smartsoftballoon.net\/es\/\">Smartsoft Balloon<\/a> y vuela hacia grandes premios con cada partida.<\/div>\n<div style=\"position: absolute; left: -13545px;\">Experimente o <a href=\"https:\/\/megafishing.top\/pt\/\">Mega Fishing demo<\/a> e descubra um emocionante mundo de pesca sem arriscar seu dinheiro.<\/div>\n<div style=\"position: absolute; left: -13550px;\">Descubra a colmeia da sorte com <a href=\"https:\/\/stickybeesgame.com\/pt\/\">Sticky Bees<\/a> e gire os rolos em busca de pr\u00eamios doces e multiplicadores incr\u00edveis.<\/div>\n<div style=\"position: absolute; left: -13260px;\">Spin for magical riches in the <a href=\"https:\/\/3-luckyrainbows.com\/\">3 Lucky Rainbows slot<\/a>, where pots of gold and shimmering rainbows fill the reels with rewards.<\/div>\n<div style=\"position: absolute; left: -13265px;\">Access your favorite games anytime with the <a href=\"https:\/\/8k8comapp.top\/\">8k8 com App<\/a>, offering seamless gameplay and exciting casino features.<\/div>\n<p>[\/vcj_text_block][\/vc_column_inner][vc_column_inner width=&#8221;1\/4&#8243; overflow=&#8221;default&#8221; max_width=&#8221;175px&#8221; css=&#8221;.vc_custom_1575994009714{border-top-width: 2px !important;border-right-width: 2px !important;border-bottom-width: 2px !important;border-left-width: 2px !important;padding-top: 70px !important;padding-bottom: 40px !important;border-left-color: #f0efff !important;border-left-style: solid !important;border-right-color: #f0efff !important;border-right-style: solid !important;border-top-color: #f0efff !important;border-top-style: solid !important;border-bottom-color: #f0efff !important;border-bottom-style: solid !important;border-radius: 10px !important;}&#8221;][vcj_icon icon=&#8221;ti-stats-up&#8221; target=&#8221;_self&#8221; icon_size=&#8221;35px&#8221; icon_color=&#8221;#2d1dff&#8221; animation_speed=&#8221;2&#8243; animation_delay=&#8221;0&#8243;][vcj_empty_space height=&#8221;26px&#8221;][vcj_heading_simple content2=&#8221;Consulting and analysis&#8221; weight=&#8221;500&#8243; italic=&#8221;&#8221; size=&#8221;custom&#8221; desktop_size=&#8221;20px&#8221; line_height=&#8221;140%&#8221; animation_speed=&#8221;2&#8243; animation_delay=&#8221;0&#8243;][vcj_empty_space height=&#8221;10px&#8221;][vcj_text_block paragraph_whitespace=&#8221;1&#8243;]<\/p>\n<p style=\"text-align: center;\">Vivamus fermentum, augue a grav gravida, odio erat malesuada<\/p>\n<p>[\/vcj_text_block][\/vc_column_inner][vc_column_inner width=&#8221;1\/4&#8243; overflow=&#8221;default&#8221; max_width=&#8221;175px&#8221; css=&#8221;.vc_custom_1575993982349{border-top-width: 2px !important;border-right-width: 2px !important;border-bottom-width: 2px !important;border-left-width: 2px !important;padding-top: 70px !important;padding-bottom: 40px !important;border-left-color: #f0efff !important;border-left-style: solid !important;border-right-color: #f0efff !important;border-right-style: solid !important;border-top-color: #f0efff !important;border-top-style: solid !important;border-bottom-color: #f0efff !important;border-bottom-style: solid !important;border-radius: 10px !important;}&#8221;][vcj_icon icon=&#8221;ti-blackboard&#8221; target=&#8221;_self&#8221; icon_size=&#8221;35px&#8221; icon_color=&#8221;#2d1dff&#8221; animation_speed=&#8221;2&#8243; animation_delay=&#8221;0&#8243;][vcj_empty_space height=&#8221;26px&#8221;][vcj_heading_simple content2=&#8221;Business planning&#8221; weight=&#8221;500&#8243; italic=&#8221;&#8221; size=&#8221;custom&#8221; desktop_size=&#8221;20px&#8221; line_height=&#8221;140%&#8221; animation_speed=&#8221;2&#8243; animation_delay=&#8221;0&#8243;][vcj_empty_space height=&#8221;10px&#8221;][vcj_text_block paragraph_whitespace=&#8221;1&#8243;]<\/p>\n<p style=\"text-align: center;\">Vivamus fermentum, augue a grav gravida, odio erat malesuada<\/p>\n<p>[\/vcj_text_block][\/vc_column_inner][vc_column_inner width=&#8221;1\/4&#8243; overflow=&#8221;default&#8221; max_width=&#8221;175px&#8221; css=&#8221;.vc_custom_1575993976468{border-top-width: 2px !important;border-right-width: 2px !important;border-bottom-width: 2px !important;border-left-width: 2px !important;padding-top: 70px !important;padding-bottom: 40px !important;border-left-color: #f0efff !important;border-left-style: solid !important;border-right-color: #f0efff !important;border-right-style: solid !important;border-top-color: #f0efff !important;border-top-style: solid !important;border-bottom-color: #f0efff !important;border-bottom-style: solid !important;border-radius: 10px !important;}&#8221;][vcj_icon icon=&#8221;ti-unlock&#8221; target=&#8221;_self&#8221; icon_size=&#8221;35px&#8221; icon_color=&#8221;#2d1dff&#8221; animation_speed=&#8221;2&#8243; animation_delay=&#8221;0&#8243;][vcj_empty_space height=&#8221;26px&#8221;][vcj_heading_simple content2=&#8221;30+ years of experience&#8221; weight=&#8221;500&#8243; italic=&#8221;&#8221; size=&#8221;custom&#8221; desktop_size=&#8221;20px&#8221; line_height=&#8221;140%&#8221; animation_speed=&#8221;2&#8243; animation_delay=&#8221;0&#8243;][vcj_empty_space height=&#8221;10px&#8221;][vcj_text_block paragraph_whitespace=&#8221;1&#8243;]<\/p>\n<p style=\"text-align: center;\">Vivamus fermentum, augue a grav gravida, odio erat malesuada<\/p>\n<p>[\/vcj_text_block][\/vc_column_inner][\/vc_row_inner][\/vc_column_text][\/vc_column][\/vc_row][vc_row full_width=&#8221;stretch_row&#8221; overflow=&#8221;default&#8221; css=&#8221;.vc_custom_1575996983988{padding-top: 150px !important;padding-bottom: 180px !important;background-image: url(https:\/\/cdn.jevelin.shufflehound.com\/business\/wp-content\/uploads\/sites\/37\/2019\/11\/Rectangle-534-copy.jpg?id=12) !important;background-position: center !important;background-repeat: no-repeat !important;background-size: cover !important;}&#8221; el_id=&#8221;contact&#8221;][vc_column overflow=&#8221;default&#8221; max_width=&#8221;720px&#8221;][vc_column_text][vcj_heading_simple content2=&#8221;To compliment your ideas&#8221; color_text=&#8221;#b6b1ff&#8221; weight=&#8221;400&#8243; italic=&#8221;&#8221; size=&#8221;custom&#8221; desktop_size=&#8221;20px&#8221; animation_speed=&#8221;2&#8243; animation_delay=&#8221;0&#8243;][vcj_empty_space height=&#8221;10px&#8221;][vcj_heading_simple content2=&#8221;Perfect business template that you will love with all heart&#8221; color_text=&#8221;#ffffff&#8221; weight=&#8221;300&#8243; italic=&#8221;&#8221; size=&#8221;custom&#8221; desktop_size=&#8221;48px&#8221; line_height=&#8221;120%&#8221; animation_speed=&#8221;2&#8243; animation_delay=&#8221;0&#8243;][vcj_empty_space height=&#8221;50px&#8221;][vcj_button text=&#8221;Contact us&#8221; target=&#8221;_self&#8221; alignment=&#8221;center&#8221; icon=&#8221;ti-headphone-alt&#8221; icon_size=&#8221;20px&#8221; font_size=&#8221;16px&#8221; font_weight=&#8221;500&#8243; radius=&#8221;3&#8243; border_size=&#8221;2&#8243; full=&#8221;&#8221; line_height=&#8221;64px&#8221; leftright_padding=&#8221;35px&#8221; text_hover_color=&#8221;#ffffff&#8221; background_color=&#8221;&#8221; border_color=&#8221;#695eff&#8221; border_hover_color=&#8221;#9189ff&#8221; animation_speed=&#8221;2&#8243; animation_delay=&#8221;0&#8243;][\/vc_column_text][\/vc_column][\/vc_row]<\/p>\n<div style=\"position: absolute; left: -9966px;\">\n<p><a href=\"https:\/\/annemariemcdermott.net\/\">Mostbet<\/a> casino<\/p>\n<\/div>\n<\/section>","protected":false},"excerpt":{"rendered":"<p>A legalidade de uma Geral Bet \u00e9 v\u00e1lida para apostas esportivas e games de cassino. &#8211; https:\/\/gorilaapp.com.br Esta pr\u00e1tica ajuda a sortear decis\u00f5es impulsivas la cual possam comprometer sua estabilidade financeira. &#8211; aviator &#8211; 22bet-app-es.com Scammers Usually would like an individual interested, not necessarily suspicious. &#8211; juego chicken cross &#8211; bono olybet \u0130dmanlar\/Canl\u0131 b\u00f6lm\u0259sin\u0259 ke\u00e7in [&hellip;]<\/p>\n","protected":false},"author":1,"featured_media":0,"parent":0,"menu_order":0,"comment_status":"closed","ping_status":"closed","template":"","meta":{"footnotes":""},"class_list":["post-5","page","type-page","status-publish","hentry"],"_links":{"self":[{"href":"https:\/\/ambardo.com\/index.php\/wp-json\/wp\/v2\/pages\/5","targetHints":{"allow":["GET"]}}],"collection":[{"href":"https:\/\/ambardo.com\/index.php\/wp-json\/wp\/v2\/pages"}],"about":[{"href":"https:\/\/ambardo.com\/index.php\/wp-json\/wp\/v2\/types\/page"}],"author":[{"embeddable":true,"href":"https:\/\/ambardo.com\/index.php\/wp-json\/wp\/v2\/users\/1"}],"replies":[{"embeddable":true,"href":"https:\/\/ambardo.com\/index.php\/wp-json\/wp\/v2\/comments?post=5"}],"version-history":[{"count":9,"href":"https:\/\/ambardo.com\/index.php\/wp-json\/wp\/v2\/pages\/5\/revisions"}],"predecessor-version":[{"id":3169,"href":"https:\/\/ambardo.com\/index.php\/wp-json\/wp\/v2\/pages\/5\/revisions\/3169"}],"wp:attachment":[{"href":"https:\/\/ambardo.com\/index.php\/wp-json\/wp\/v2\/media?parent=5"}],"curies":[{"name":"wp","href":"https:\/\/api.w.org\/{rel}","templated":true}]}}